{"id":18,"date":"2021-12-29T01:07:24","date_gmt":"2021-12-29T06:07:24","guid":{"rendered":"http:\/\/165.227.26.54\/?page_id=18"},"modified":"2022-01-27T17:21:31","modified_gmt":"2022-01-27T22:21:31","slug":"nosotros","status":"publish","type":"page","link":"https:\/\/globeexpress.com.pe\/index.php\/nosotros\/","title":{"rendered":"Nosotros"},"content":{"rendered":"\t\t<div data-elementor-type=\"wp-page\" data-elementor-id=\"18\" class=\"elementor elementor-18\" data-elementor-settings=\"[]\">\n\t\t\t\t\t\t\t<div class=\"elementor-section-wrap\">\n\t\t\t\t\t\t\t<section class=\"elementor-section elementor-top-section elementor-element elementor-element-cffe800 elementor-section-boxed elementor-section-height-default elementor-section-height-default\" data-id=\"cffe800\" data-element_type=\"section\">\n\t\t\t\t\t\t<div class=\"elementor-container elementor-column-gap-default\">\n\t\t\t\t\t<div class=\"elementor-column elementor-col-100 elementor-top-column elementor-element elementor-element-b378bb1\" data-id=\"b378bb1\" data-element_type=\"column\">\n\t\t\t<div class=\"elementor-widget-wrap elementor-element-populated\">\n\t\t\t\t\t\t\t\t<div class=\"elementor-element elementor-element-afe9d4b elementor-widget elementor-widget-text-editor\" data-id=\"afe9d4b\" data-element_type=\"widget\" data-widget_type=\"text-editor.default\">\n\t\t\t\t<div class=\"elementor-widget-container\">\n\t\t\t<style>\/*! elementor - v3.5.3 - 28-12-2021 *\/\n.elementor-widget-text-editor.elementor-drop-cap-view-stacked .elementor-drop-cap{background-color:#818a91;color:#fff}.elementor-widget-text-editor.elementor-drop-cap-view-framed .elementor-drop-cap{color:#818a91;border:3px solid;background-color:transparent}.elementor-widget-text-editor:not(.elementor-drop-cap-view-default) .elementor-drop-cap{margin-top:8px}.elementor-widget-text-editor:not(.elementor-drop-cap-view-default) .elementor-drop-cap-letter{width:1em;height:1em}.elementor-widget-text-editor .elementor-drop-cap{float:left;text-align:center;line-height:1;font-size:50px}.elementor-widget-text-editor .elementor-drop-cap-letter{display:inline-block}<\/style>\t\t\t\t<h2 style=\"text-align: right;\"><span style=\"color: #ff9900;\">NOSOTROS<\/span><\/h2>\t\t\t\t\t\t<\/div>\n\t\t\t\t<\/div>\n\t\t\t\t\t<\/div>\n\t\t<\/div>\n\t\t\t\t\t\t\t<\/div>\n\t\t<\/section>\n\t\t\t\t<section class=\"elementor-section elementor-top-section elementor-element elementor-element-06f41ba elementor-section-boxed elementor-section-height-default elementor-section-height-default\" data-id=\"06f41ba\" data-element_type=\"section\">\n\t\t\t\t\t\t<div class=\"elementor-container elementor-column-gap-default\">\n\t\t\t\t\t<div class=\"elementor-column elementor-col-100 elementor-top-column elementor-element elementor-element-1b10349\" data-id=\"1b10349\" data-element_type=\"column\">\n\t\t\t<div class=\"elementor-widget-wrap elementor-element-populated\">\n\t\t\t\t\t\t\t\t<div class=\"elementor-element elementor-element-7c89d67 elementor-widget elementor-widget-image\" data-id=\"7c89d67\" data-element_type=\"widget\" data-settings=\"{&quot;_animation&quot;:&quot;none&quot;}\" data-widget_type=\"image.default\">\n\t\t\t\t<div class=\"elementor-widget-container\">\n\t\t\t<style>\/*! elementor - v3.5.3 - 28-12-2021 *\/\n.elementor-widget-image{text-align:center}.elementor-widget-image a{display:inline-block}.elementor-widget-image a img[src$=\".svg\"]{width:48px}.elementor-widget-image img{vertical-align:middle;display:inline-block}<\/style>\t\t\t\t\t\t\t\t\t\t\t\t<img width=\"1536\" height=\"622\" src=\"https:\/\/globeexpress.com.pe\/wp-content\/uploads\/2022\/01\/19ene-07-scaled-e1643051624801-1536x622.jpg\" class=\"attachment-1536x1536 size-1536x1536\" alt=\"\" loading=\"lazy\" srcset=\"https:\/\/globeexpress.com.pe\/wp-content\/uploads\/2022\/01\/19ene-07-scaled-e1643051624801-1536x622.jpg 1536w, https:\/\/globeexpress.com.pe\/wp-content\/uploads\/2022\/01\/19ene-07-scaled-e1643051624801-300x121.jpg 300w, https:\/\/globeexpress.com.pe\/wp-content\/uploads\/2022\/01\/19ene-07-scaled-e1643051624801-1024x414.jpg 1024w, https:\/\/globeexpress.com.pe\/wp-content\/uploads\/2022\/01\/19ene-07-scaled-e1643051624801-768x311.jpg 768w, https:\/\/globeexpress.com.pe\/wp-content\/uploads\/2022\/01\/19ene-07-scaled-e1643051624801-2048x829.jpg 2048w\" sizes=\"(max-width: 1536px) 100vw, 1536px\" \/>\t\t\t\t\t\t\t\t\t\t\t\t\t\t\t<\/div>\n\t\t\t\t<\/div>\n\t\t\t\t\t<\/div>\n\t\t<\/div>\n\t\t\t\t\t\t\t<\/div>\n\t\t<\/section>\n\t\t\t\t<section class=\"elementor-section elementor-top-section elementor-element elementor-element-6d9f74e elementor-section-boxed elementor-section-height-default elementor-section-height-default\" data-id=\"6d9f74e\" data-element_type=\"section\">\n\t\t\t\t\t\t<div class=\"elementor-container elementor-column-gap-default\">\n\t\t\t\t\t<div class=\"elementor-column elementor-col-100 elementor-top-column elementor-element elementor-element-2f8becb\" data-id=\"2f8becb\" data-element_type=\"column\">\n\t\t\t<div class=\"elementor-widget-wrap elementor-element-populated\">\n\t\t\t\t\t\t\t\t<div class=\"elementor-element elementor-element-f18f25a elementor-widget elementor-widget-text-editor\" data-id=\"f18f25a\" data-element_type=\"widget\" data-widget_type=\"text-editor.default\">\n\t\t\t\t<div class=\"elementor-widget-container\">\n\t\t\t\t\t\t\t<p><span style=\"color: #000000;\">Somos GES expertos en transporte de mercanc\u00edas y log\u00edstica global. Hemos resistido la prueba del tiempo y hemos ayudado a dar forma a la industria global.<\/span> <span style=\"color: #000000;\">Parte de nuestra historia comienza en Jeddah en 1976, donde abrimos nuestra primera oficina como Overseas Development. <\/span> <span style=\"color: #000000;\">Luego pasamos a expandirnos en la regi\u00f3n, abriendo oficinas en Beirut, Dubai y Kuwait. Al otro lado del Atl\u00e1ntico, la segunda parte de nuestra historia comenz\u00f3 en 1990,<\/span> <span style=\"color: #000000;\">cuando naci\u00f3 Globe Express Services en Charlotte, Carolina del Norte.<\/span> <span style=\"color: #000000;\">A partir de ah\u00ed, nos expandimos por Asia, Europa y Am\u00e9rica antes de fusionar nuestras dos alas en 2010 para fortalecer nuestra posici\u00f3n global. <\/span> <span style=\"color: #000000;\">Hoy, nuestra red global abarca m\u00e1s de 100 pa\u00edses, con presencia directa en 40 ciudades.<\/span><\/p>\t\t\t\t\t\t<\/div>\n\t\t\t\t<\/div>\n\t\t\t\t\t<\/div>\n\t\t<\/div>\n\t\t\t\t\t\t\t<\/div>\n\t\t<\/section>\n\t\t\t\t<section class=\"elementor-section elementor-top-section elementor-element elementor-element-fd76fa8 elementor-section-boxed elementor-section-height-default elementor-section-height-default\" data-id=\"fd76fa8\" data-element_type=\"section\">\n\t\t\t\t\t\t<div class=\"elementor-container elementor-column-gap-default\">\n\t\t\t\t\t<div class=\"elementor-column elementor-col-100 elementor-top-column elementor-element elementor-element-a4e00a6\" data-id=\"a4e00a6\" data-element_type=\"column\">\n\t\t\t<div class=\"elementor-widget-wrap elementor-element-populated\">\n\t\t\t\t\t\t\t\t<div class=\"elementor-element elementor-element-d0662e0 elementor-widget elementor-widget-text-editor\" data-id=\"d0662e0\" data-element_type=\"widget\" data-widget_type=\"text-editor.default\">\n\t\t\t\t<div class=\"elementor-widget-container\">\n\t\t\t\t\t\t\t<h2 style=\"text-align: center;\"><span style=\"color: #ff9900;\">NUESTROS OBJETIVOS<\/span><\/h2>\t\t\t\t\t\t<\/div>\n\t\t\t\t<\/div>\n\t\t\t\t\t<\/div>\n\t\t<\/div>\n\t\t\t\t\t\t\t<\/div>\n\t\t<\/section>\n\t\t\t\t<section class=\"elementor-section elementor-top-section elementor-element elementor-element-95469b7 elementor-section-boxed elementor-section-height-default elementor-section-height-default\" data-id=\"95469b7\" data-element_type=\"section\">\n\t\t\t\t\t\t<div class=\"elementor-container elementor-column-gap-default\">\n\t\t\t\t\t<div class=\"elementor-column elementor-col-33 elementor-top-column elementor-element elementor-element-6d4d69c\" data-id=\"6d4d69c\" data-element_type=\"column\">\n\t\t\t<div class=\"elementor-widget-wrap elementor-element-populated\">\n\t\t\t\t\t\t\t\t<div class=\"elementor-element elementor-element-0ac1e60 elementor-widget elementor-widget-image\" data-id=\"0ac1e60\" data-element_type=\"widget\" data-widget_type=\"image.default\">\n\t\t\t\t<div class=\"elementor-widget-container\">\n\t\t\t\t\t\t\t\t\t\t\t\t\t\t\t<img width=\"278\" height=\"284\" src=\"https:\/\/globeexpress.com.pe\/wp-content\/uploads\/2022\/01\/cohete1.png\" class=\"attachment-medium size-medium\" alt=\"\" loading=\"lazy\" \/>\t\t\t\t\t\t\t\t\t\t\t\t\t\t\t<\/div>\n\t\t\t\t<\/div>\n\t\t\t\t<div class=\"elementor-element elementor-element-a0db5a8 elementor-widget elementor-widget-text-editor\" data-id=\"a0db5a8\" data-element_type=\"widget\" data-widget_type=\"text-editor.default\">\n\t\t\t\t<div class=\"elementor-widget-container\">\n\t\t\t\t\t\t\t<p style=\"text-align: center;\"><strong style=\"color: #ffffff; font-size: 14px;\">NUESTRA MISI\u00d3N<\/strong><\/p><p style=\"text-align: center;\"><span style=\"color: #ffffff;\">Brindar soluciones log\u00edsticas excelentes y con amplios servicios de transporte de carga y log\u00edstica global todo incluido para atender empresas industriales de todo tipo y naturaleza.<\/span><\/p>\t\t\t\t\t\t<\/div>\n\t\t\t\t<\/div>\n\t\t\t\t\t<\/div>\n\t\t<\/div>\n\t\t\t\t<div class=\"elementor-column elementor-col-33 elementor-top-column elementor-element elementor-element-c80bdc6\" data-id=\"c80bdc6\" data-element_type=\"column\">\n\t\t\t<div class=\"elementor-widget-wrap elementor-element-populated\">\n\t\t\t\t\t\t\t\t<div class=\"elementor-element elementor-element-8de209d elementor-widget elementor-widget-image\" data-id=\"8de209d\" data-element_type=\"widget\" data-widget_type=\"image.default\">\n\t\t\t\t<div class=\"elementor-widget-container\">\n\t\t\t\t\t\t\t\t\t\t\t\t\t\t\t<img width=\"278\" height=\"284\" src=\"https:\/\/globeexpress.com.pe\/wp-content\/uploads\/2022\/01\/foco-1.png\" class=\"attachment-medium size-medium\" alt=\"\" loading=\"lazy\" \/>\t\t\t\t\t\t\t\t\t\t\t\t\t\t\t<\/div>\n\t\t\t\t<\/div>\n\t\t\t\t<div class=\"elementor-element elementor-element-418e1f8 elementor-widget elementor-widget-text-editor\" data-id=\"418e1f8\" data-element_type=\"widget\" data-widget_type=\"text-editor.default\">\n\t\t\t\t<div class=\"elementor-widget-container\">\n\t\t\t\t\t\t\t<p style=\"text-align: center;\"><strong style=\"color: #ffffff; font-size: 14px;\">NUESTRA VISI\u00d3N<\/strong><\/p><p style=\"text-align: center;\"><span style=\"color: #ffffff;\">Ser el socio de elecci\u00f3n a trav\u00e9s de soluciones innovadoras, sostenibles con un enfoque orientado al cliente, proporcionado por personas altamente calificadas y en constante capacitaci\u00f3n.\u00a0<\/span><\/p>\t\t\t\t\t\t<\/div>\n\t\t\t\t<\/div>\n\t\t\t\t\t<\/div>\n\t\t<\/div>\n\t\t\t\t<div class=\"elementor-column elementor-col-33 elementor-top-column elementor-element elementor-element-2b86e11\" data-id=\"2b86e11\" data-element_type=\"column\">\n\t\t\t<div class=\"elementor-widget-wrap elementor-element-populated\">\n\t\t\t\t\t\t\t\t<div class=\"elementor-element elementor-element-b4f9581 elementor-widget elementor-widget-image\" data-id=\"b4f9581\" data-element_type=\"widget\" data-widget_type=\"image.default\">\n\t\t\t\t<div class=\"elementor-widget-container\">\n\t\t\t\t\t\t\t\t\t\t\t\t\t\t\t<img width=\"278\" height=\"284\" src=\"https:\/\/globeexpress.com.pe\/wp-content\/uploads\/2022\/01\/valores.png\" class=\"attachment-medium size-medium\" alt=\"\" loading=\"lazy\" \/>\t\t\t\t\t\t\t\t\t\t\t\t\t\t\t<\/div>\n\t\t\t\t<\/div>\n\t\t\t\t<div class=\"elementor-element elementor-element-20c2ac8 elementor-widget elementor-widget-text-editor\" data-id=\"20c2ac8\" data-element_type=\"widget\" data-widget_type=\"text-editor.default\">\n\t\t\t\t<div class=\"elementor-widget-container\">\n\t\t\t\t\t\t\t<p style=\"text-align: center;\"><span style=\"color: #ffffff;\"><strong>NUESTROS VALORES<\/strong><\/span><\/p><p style=\"text-align: center;\"><span style=\"color: #ffffff;\">Somos una empresa comprometida con los clientes en lograr brindar un servicio de calidad mediante la mejora continua de nuestros procesos. Innovando y trabajando en equipo.<\/span><\/p>\t\t\t\t\t\t<\/div>\n\t\t\t\t<\/div>\n\t\t\t\t\t<\/div>\n\t\t<\/div>\n\t\t\t\t\t\t\t<\/div>\n\t\t<\/section>\n\t\t\t\t<section class=\"elementor-section elementor-top-section elementor-element elementor-element-084c084 elementor-section-boxed elementor-section-height-default elementor-section-height-default\" data-id=\"084c084\" data-element_type=\"section\">\n\t\t\t\t\t\t<div class=\"elementor-container elementor-column-gap-default\">\n\t\t\t\t\t<div class=\"elementor-column elementor-col-100 elementor-top-column elementor-element elementor-element-d0e60ff\" data-id=\"d0e60ff\" data-element_type=\"column\">\n\t\t\t<div class=\"elementor-widget-wrap elementor-element-populated\">\n\t\t\t\t\t\t\t\t<div class=\"elementor-element elementor-element-13b5162 elementor-widget elementor-widget-text-editor\" data-id=\"13b5162\" data-element_type=\"widget\" data-widget_type=\"text-editor.default\">\n\t\t\t\t<div class=\"elementor-widget-container\">\n\t\t\t\t\t\t\t<h2 style=\"text-align: center;\"><span style=\"color: #ff9900;\">CONOCE MAS DE NUESTROS VALORES\u00a0<\/span><\/h2>\t\t\t\t\t\t<\/div>\n\t\t\t\t<\/div>\n\t\t\t\t\t<\/div>\n\t\t<\/div>\n\t\t\t\t\t\t\t<\/div>\n\t\t<\/section>\n\t\t\t\t<section class=\"elementor-section elementor-top-section elementor-element elementor-element-a94d220 elementor-section-boxed elementor-section-height-default elementor-section-height-default\" data-id=\"a94d220\" data-element_type=\"section\">\n\t\t\t\t\t\t<div class=\"elementor-container elementor-column-gap-default\">\n\t\t\t\t\t<div class=\"elementor-column elementor-col-16 elementor-top-column elementor-element elementor-element-af273f8\" data-id=\"af273f8\" data-element_type=\"column\">\n\t\t\t<div class=\"elementor-widget-wrap elementor-element-populated\">\n\t\t\t\t\t\t\t\t<div class=\"elementor-element elementor-element-c2a7adc elementor-widget elementor-widget-image\" data-id=\"c2a7adc\" data-element_type=\"widget\" data-widget_type=\"image.default\">\n\t\t\t\t<div class=\"elementor-widget-container\">\n\t\t\t\t\t\t\t\t\t\t\t\t<figure class=\"wp-caption\">\n\t\t\t\t\t\t\t\t\t\t<img width=\"512\" height=\"512\" src=\"https:\/\/globeexpress.com.pe\/wp-content\/uploads\/2022\/01\/innovation.png\" class=\"attachment-large size-large\" alt=\"\" loading=\"lazy\" srcset=\"https:\/\/globeexpress.com.pe\/wp-content\/uploads\/2022\/01\/innovation.png 512w, https:\/\/globeexpress.com.pe\/wp-content\/uploads\/2022\/01\/innovation-300x300.png 300w, https:\/\/globeexpress.com.pe\/wp-content\/uploads\/2022\/01\/innovation-150x150.png 150w\" sizes=\"(max-width: 512px) 100vw, 512px\" \/>\t\t\t\t\t\t\t\t\t\t\t<figcaption class=\"widget-image-caption wp-caption-text\">INNOVATION<\/figcaption>\n\t\t\t\t\t\t\t\t\t\t<\/figure>\n\t\t\t\t\t\t\t\t\t<\/div>\n\t\t\t\t<\/div>\n\t\t\t\t\t<\/div>\n\t\t<\/div>\n\t\t\t\t<div class=\"elementor-column elementor-col-16 elementor-top-column elementor-element elementor-element-9e57b7f\" data-id=\"9e57b7f\" data-element_type=\"column\">\n\t\t\t<div class=\"elementor-widget-wrap elementor-element-populated\">\n\t\t\t\t\t\t\t\t<div class=\"elementor-element elementor-element-b39a8be elementor-widget elementor-widget-image\" data-id=\"b39a8be\" data-element_type=\"widget\" data-widget_type=\"image.default\">\n\t\t\t\t<div class=\"elementor-widget-container\">\n\t\t\t\t\t\t\t\t\t\t\t\t<figure class=\"wp-caption\">\n\t\t\t\t\t\t\t\t\t\t<img width=\"512\" height=\"512\" src=\"https:\/\/globeexpress.com.pe\/wp-content\/uploads\/2022\/01\/target.png\" class=\"attachment-large size-large\" alt=\"\" loading=\"lazy\" srcset=\"https:\/\/globeexpress.com.pe\/wp-content\/uploads\/2022\/01\/target.png 512w, https:\/\/globeexpress.com.pe\/wp-content\/uploads\/2022\/01\/target-300x300.png 300w, https:\/\/globeexpress.com.pe\/wp-content\/uploads\/2022\/01\/target-150x150.png 150w\" sizes=\"(max-width: 512px) 100vw, 512px\" \/>\t\t\t\t\t\t\t\t\t\t\t<figcaption class=\"widget-image-caption wp-caption-text\">CLIENTS<\/figcaption>\n\t\t\t\t\t\t\t\t\t\t<\/figure>\n\t\t\t\t\t\t\t\t\t<\/div>\n\t\t\t\t<\/div>\n\t\t\t\t\t<\/div>\n\t\t<\/div>\n\t\t\t\t<div class=\"elementor-column elementor-col-16 elementor-top-column elementor-element elementor-element-eaf6b38\" data-id=\"eaf6b38\" data-element_type=\"column\">\n\t\t\t<div class=\"elementor-widget-wrap elementor-element-populated\">\n\t\t\t\t\t\t\t\t<div class=\"elementor-element elementor-element-7c6ed1b elementor-widget elementor-widget-image\" data-id=\"7c6ed1b\" data-element_type=\"widget\" data-widget_type=\"image.default\">\n\t\t\t\t<div class=\"elementor-widget-container\">\n\t\t\t\t\t\t\t\t\t\t\t\t<figure class=\"wp-caption\">\n\t\t\t\t\t\t\t\t\t\t<img width=\"512\" height=\"512\" src=\"https:\/\/globeexpress.com.pe\/wp-content\/uploads\/2022\/01\/trust.png\" class=\"attachment-large size-large\" alt=\"\" loading=\"lazy\" srcset=\"https:\/\/globeexpress.com.pe\/wp-content\/uploads\/2022\/01\/trust.png 512w, https:\/\/globeexpress.com.pe\/wp-content\/uploads\/2022\/01\/trust-300x300.png 300w, https:\/\/globeexpress.com.pe\/wp-content\/uploads\/2022\/01\/trust-150x150.png 150w\" sizes=\"(max-width: 512px) 100vw, 512px\" \/>\t\t\t\t\t\t\t\t\t\t\t<figcaption class=\"widget-image-caption wp-caption-text\">TRUST<\/figcaption>\n\t\t\t\t\t\t\t\t\t\t<\/figure>\n\t\t\t\t\t\t\t\t\t<\/div>\n\t\t\t\t<\/div>\n\t\t\t\t\t<\/div>\n\t\t<\/div>\n\t\t\t\t<div class=\"elementor-column elementor-col-16 elementor-top-column elementor-element elementor-element-e8fc988\" data-id=\"e8fc988\" data-element_type=\"column\">\n\t\t\t<div class=\"elementor-widget-wrap elementor-element-populated\">\n\t\t\t\t\t\t\t\t<div class=\"elementor-element elementor-element-3e9743c elementor-widget elementor-widget-image\" data-id=\"3e9743c\" data-element_type=\"widget\" data-widget_type=\"image.default\">\n\t\t\t\t<div class=\"elementor-widget-container\">\n\t\t\t\t\t\t\t\t\t\t\t\t<figure class=\"wp-caption\">\n\t\t\t\t\t\t\t\t\t\t<img width=\"512\" height=\"512\" src=\"https:\/\/globeexpress.com.pe\/wp-content\/uploads\/2022\/01\/strategy.png\" class=\"attachment-large size-large\" alt=\"\" loading=\"lazy\" srcset=\"https:\/\/globeexpress.com.pe\/wp-content\/uploads\/2022\/01\/strategy.png 512w, https:\/\/globeexpress.com.pe\/wp-content\/uploads\/2022\/01\/strategy-300x300.png 300w, https:\/\/globeexpress.com.pe\/wp-content\/uploads\/2022\/01\/strategy-150x150.png 150w\" sizes=\"(max-width: 512px) 100vw, 512px\" \/>\t\t\t\t\t\t\t\t\t\t\t<figcaption class=\"widget-image-caption wp-caption-text\">STRATEGY<\/figcaption>\n\t\t\t\t\t\t\t\t\t\t<\/figure>\n\t\t\t\t\t\t\t\t\t<\/div>\n\t\t\t\t<\/div>\n\t\t\t\t\t<\/div>\n\t\t<\/div>\n\t\t\t\t<div class=\"elementor-column elementor-col-16 elementor-top-column elementor-element elementor-element-c74e9c2\" data-id=\"c74e9c2\" data-element_type=\"column\">\n\t\t\t<div class=\"elementor-widget-wrap elementor-element-populated\">\n\t\t\t\t\t\t\t\t<div class=\"elementor-element elementor-element-bf098fa elementor-widget elementor-widget-image\" data-id=\"bf098fa\" data-element_type=\"widget\" data-widget_type=\"image.default\">\n\t\t\t\t<div class=\"elementor-widget-container\">\n\t\t\t\t\t\t\t\t\t\t\t\t<figure class=\"wp-caption\">\n\t\t\t\t\t\t\t\t\t\t<img width=\"512\" height=\"512\" src=\"https:\/\/globeexpress.com.pe\/wp-content\/uploads\/2022\/01\/responsibility-1.png\" class=\"attachment-large size-large\" alt=\"\" loading=\"lazy\" srcset=\"https:\/\/globeexpress.com.pe\/wp-content\/uploads\/2022\/01\/responsibility-1.png 512w, https:\/\/globeexpress.com.pe\/wp-content\/uploads\/2022\/01\/responsibility-1-300x300.png 300w, https:\/\/globeexpress.com.pe\/wp-content\/uploads\/2022\/01\/responsibility-1-150x150.png 150w\" sizes=\"(max-width: 512px) 100vw, 512px\" \/>\t\t\t\t\t\t\t\t\t\t\t<figcaption class=\"widget-image-caption wp-caption-text\">SOCIAL RESPONSIBILITY<\/figcaption>\n\t\t\t\t\t\t\t\t\t\t<\/figure>\n\t\t\t\t\t\t\t\t\t<\/div>\n\t\t\t\t<\/div>\n\t\t\t\t\t<\/div>\n\t\t<\/div>\n\t\t\t\t<div class=\"elementor-column elementor-col-16 elementor-top-column elementor-element elementor-element-7e08e64\" data-id=\"7e08e64\" data-element_type=\"column\">\n\t\t\t<div class=\"elementor-widget-wrap elementor-element-populated\">\n\t\t\t\t\t\t\t\t<div class=\"elementor-element elementor-element-a96eea7 elementor-widget elementor-widget-image\" data-id=\"a96eea7\" data-element_type=\"widget\" data-widget_type=\"image.default\">\n\t\t\t\t<div class=\"elementor-widget-container\">\n\t\t\t\t\t\t\t\t\t\t\t\t<figure class=\"wp-caption\">\n\t\t\t\t\t\t\t\t\t\t<img width=\"512\" height=\"512\" src=\"https:\/\/globeexpress.com.pe\/wp-content\/uploads\/2022\/01\/idea.png\" class=\"attachment-large size-large\" alt=\"\" loading=\"lazy\" srcset=\"https:\/\/globeexpress.com.pe\/wp-content\/uploads\/2022\/01\/idea.png 512w, https:\/\/globeexpress.com.pe\/wp-content\/uploads\/2022\/01\/idea-300x300.png 300w, https:\/\/globeexpress.com.pe\/wp-content\/uploads\/2022\/01\/idea-150x150.png 150w\" sizes=\"(max-width: 512px) 100vw, 512px\" \/>\t\t\t\t\t\t\t\t\t\t\t<figcaption class=\"widget-image-caption wp-caption-text\">CREATIVITY<\/figcaption>\n\t\t\t\t\t\t\t\t\t\t<\/figure>\n\t\t\t\t\t\t\t\t\t<\/div>\n\t\t\t\t<\/div>\n\t\t\t\t\t<\/div>\n\t\t<\/div>\n\t\t\t\t\t\t\t<\/div>\n\t\t<\/section>\n\t\t\t\t<section class=\"elementor-section elementor-top-section elementor-element elementor-element-dce9195 elementor-section-boxed elementor-section-height-default elementor-section-height-default\" data-id=\"dce9195\" data-element_type=\"section\">\n\t\t\t\t\t\t<div class=\"elementor-container elementor-column-gap-default\">\n\t\t\t\t\t<div class=\"elementor-column elementor-col-100 elementor-top-column elementor-element elementor-element-2069bb9\" data-id=\"2069bb9\" data-element_type=\"column\">\n\t\t\t<div class=\"elementor-widget-wrap elementor-element-populated\">\n\t\t\t\t\t\t\t\t<div class=\"elementor-element elementor-element-5340f3c elementor-widget elementor-widget-text-editor\" data-id=\"5340f3c\" data-element_type=\"widget\" data-widget_type=\"text-editor.default\">\n\t\t\t\t<div class=\"elementor-widget-container\">\n\t\t\t\t\t\t\t<p style=\"text-align: center;\"><span style=\"color: #008000;\">#DeliveredWithCare #GES<\/span><\/p>\t\t\t\t\t\t<\/div>\n\t\t\t\t<\/div>\n\t\t\t\t\t<\/div>\n\t\t<\/div>\n\t\t\t\t\t\t\t<\/div>\n\t\t<\/section>\n\t\t\t\t\t\t<\/div>\n\t\t\t\t\t<\/div>\n\t\t","protected":false},"excerpt":{"rendered":"<p>NOSOTROS Somos GES expertos en transporte de mercanc\u00edas y log\u00edstica global. Hemos resistido la prueba del tiempo y hemos ayudado a dar forma a la industria global. Parte de nuestra historia comienza en Jeddah en 1976, donde abrimos nuestra primera oficina como Overseas Development. Luego pasamos a expandirnos en la regi\u00f3n, abriendo oficinas en Beirut, [&hellip;]<\/p>\n","protected":false},"author":1,"featured_media":0,"parent":0,"menu_order":0,"comment_status":"closed","ping_status":"closed","template":"elementor_header_footer","meta":[],"_links":{"self":[{"href":"https:\/\/globeexpress.com.pe\/index.php\/wp-json\/wp\/v2\/pages\/18"}],"collection":[{"href":"https:\/\/globeexpress.com.pe\/index.php\/wp-json\/wp\/v2\/pages"}],"about":[{"href":"https:\/\/globeexpress.com.pe\/index.php\/wp-json\/wp\/v2\/types\/page"}],"author":[{"embeddable":true,"href":"https:\/\/globeexpress.com.pe\/index.php\/wp-json\/wp\/v2\/users\/1"}],"replies":[{"embeddable":true,"href":"https:\/\/globeexpress.com.pe\/index.php\/wp-json\/wp\/v2\/comments?post=18"}],"version-history":[{"count":137,"href":"https:\/\/globeexpress.com.pe\/index.php\/wp-json\/wp\/v2\/pages\/18\/revisions"}],"predecessor-version":[{"id":947,"href":"https:\/\/globeexpress.com.pe\/index.php\/wp-json\/wp\/v2\/pages\/18\/revisions\/947"}],"wp:attachment":[{"href":"https:\/\/globeexpress.com.pe\/index.php\/wp-json\/wp\/v2\/media?parent=18"}],"curies":[{"name":"wp","href":"https:\/\/api.w.org\/{rel}","templated":true}]}}